{"id":41,"date":"2014-06-07T18:16:13","date_gmt":"2014-06-07T16:16:13","guid":{"rendered":"http:\/\/www.sv-germania99.de\/content\/?page_id=41"},"modified":"2024-06-28T13:14:40","modified_gmt":"2024-06-28T11:14:40","slug":"alte-herren","status":"publish","type":"page","link":"https:\/\/www.sv-germania99.de\/content\/alte-herren\/","title":{"rendered":"Alte Herren Spielplan 2024"},"content":{"rendered":"\n<p>Heim &#8211; Freitag, 22.03.2024, 18:30 Uhr GW Langendorf 1:1<\/p>\n\n\n\n<hr class=\"wp-block-separator has-css-opacity\"\/>\n\n\n\n<p>Ausw\u00e4rts &#8211; Freitag, 05.04.2024, 18:30 Uhr SG Wei\u00dfenfels 5:1<\/p>\n\n\n\n<hr class=\"wp-block-separator has-css-opacity\"\/>\n\n\n\n<p>Heim &#8211; Freitag, 12.04.2024, 18:30 Uhr VfB Nessa 2:0<\/p>\n\n\n\n<hr class=\"wp-block-separator has-alpha-channel-opacity\"\/>\n\n\n\n<p>Ausw\u00e4rts &#8211; Freitag, 19.04.2024, 18:30 Uhr SV Muschwitz 3:1<\/p>\n\n\n\n<hr class=\"wp-block-separator has-css-opacity\"\/>\n\n\n\n<p>Ausw\u00e4rts &#8211; Freitag, 26.04.2024, 18:30 Uhr TSV Leuna 3:2<\/p>\n\n\n\n<hr class=\"wp-block-separator has-css-opacity\"\/>\n\n\n\n<p>Heim &#8211; Freitag, 03.05.2024, 18:30 Uhr TSV Gro\u00dfkorbetha 1:1<\/p>\n\n\n\n<hr class=\"wp-block-separator has-css-opacity\"\/>\n\n\n\n<p>Ausw\u00e4rts &#8211; Freitag, 31.05.2023, 18:30 Uhr SG Friesen 5:0<\/p>\n\n\n\n<hr class=\"wp-block-separator has-css-opacity\"\/>\n\n\n\n<p>Ausw\u00e4rts &#8211; Freitag, 14.06.2024, 18:30 Uhr BW Zorbau Ausfall<\/p>\n\n\n\n<hr class=\"wp-block-separator has-css-opacity\"\/>\n\n\n\n<p>Ausw\u00e4rts &#8211; Freitag, 21.06.2024, 18:30 Uhr SV Mertendorf 4:1<\/p>\n\n\n\n<hr class=\"wp-block-separator has-css-opacity\"\/>\n\n\n\n<p>Heim &#8211; Freitag, 26.07.2024, 18:30 Uhr SG Wei\u00dfenfels<\/p>\n\n\n\n<hr class=\"wp-block-separator has-css-opacity\"\/>\n\n\n\n<p>Ausw\u00e4rts &#8211; Freitag, 02.08.2024, 18:30 Uhr VSG L\u00f6bitz<\/p>\n\n\n\n<hr class=\"wp-block-separator has-css-opacity\"\/>\n\n\n\n<p>Heim &#8211; Freitag, 09.08.2024, 18:30 Uhr BW Zorbau<\/p>\n\n\n\n<hr class=\"wp-block-separator has-css-opacity\"\/>\n\n\n\n<p>Heim &#8211; Freitag, 16.08.2024, 18:30 Uhr VSG L\u00f6bitz<\/p>\n\n\n\n<hr class=\"wp-block-separator has-css-opacity\"\/>\n\n\n\n<p>Ausw\u00e4rts &#8211; Freitag, 23.08.2024, 18:30 Uhr TSV Gro\u00dfkorbetha<\/p>\n\n\n\n<hr class=\"wp-block-separator has-css-opacity\"\/>\n\n\n\n<p>Heim &#8211; Freitag, 30.08.2024, 18:30 Uhr SV Mertendorf<\/p>\n\n\n\n<hr class=\"wp-block-separator has-css-opacity\"\/>\n\n\n\n<p>Ausw\u00e4rts &#8211; Freitag, 06.09.2024, 18:30 Uhr SV Mertendorf<\/p>\n\n\n\n<hr class=\"wp-block-separator has-css-opacity\"\/>\n\n\n\n<p>Heim &#8211; Freitag, 13.09.2024, 18:30 Uhr Blau TSV Leuna<\/p>\n\n\n\n<hr class=\"wp-block-separator has-css-opacity\"\/>\n\n\n\n<p>Heim &#8211; Freitag, 20.09.2024, 18:30 Uhr SV Muschwitz<\/p>\n\n\n\n<hr class=\"wp-block-separator has-css-opacity\"\/>\n\n\n\n<p>Heim &#8211; Freitag, 27.09.2024, 18:30 Uhr TSV Eintracht L\u00fctzen<\/p>\n\n\n\n<hr class=\"wp-block-separator has-css-opacity\"\/>\n\n\n\n<p class=\"has-text-align-left\">&nbsp;Heim &#8211; Freitag, 18.10.2024, 18:30 Uhr SG Friesen<\/p>\n\n\n\n<hr class=\"wp-block-separator has-css-opacity\"\/>\n\n\n\n<p><\/p>\n\n\n\n<hr class=\"wp-block-separator has-css-opacity\"\/>\n\n\n\n<p class=\"has-text-align-center\"><img data-recalc-dims=\"1\" loading=\"lazy\" decoding=\"async\" width=\"160\" height=\"32\" data-attachment-id=\"103\" data-permalink=\"https:\/\/www.sv-germania99.de\/content\/aktuelles\/titel\/\" data-orig-file=\"https:\/\/i0.wp.com\/www.sv-germania99.de\/content\/wp-content\/uploads\/2014\/06\/titel.png?fit=500%2C100&amp;ssl=1\" data-orig-size=\"500,100\" data-comments-opened=\"0\" data-image-meta=\"{&quot;aperture&quot;:&quot;0&quot;,&quot;credit&quot;:&quot;&quot;,&quot;camera&quot;:&quot;&quot;,&quot;caption&quot;:&quot;&quot;,&quot;created_timestamp&quot;:&quot;0&quot;,&quot;copyright&quot;:&quot;&quot;,&quot;focal_length&quot;:&quot;0&quot;,&quot;iso&quot;:&quot;0&quot;,&quot;shutter_speed&quot;:&quot;0&quot;,&quot;title&quot;:&quot;&quot;}\" data-image-title=\"titel\" data-image-description=\"\" data-image-caption=\"\" data-medium-file=\"https:\/\/i0.wp.com\/www.sv-germania99.de\/content\/wp-content\/uploads\/2014\/06\/titel.png?fit=300%2C60&amp;ssl=1\" data-large-file=\"https:\/\/i0.wp.com\/www.sv-germania99.de\/content\/wp-content\/uploads\/2014\/06\/titel.png?fit=500%2C100&amp;ssl=1\" class=\"wp-image-103\" style=\"width: 160px;\" src=\"https:\/\/i0.wp.com\/www.sv-germania99.de\/content\/wp-content\/uploads\/2014\/06\/titel.png?resize=160%2C32&#038;ssl=1\" alt=\"\" srcset=\"https:\/\/i0.wp.com\/www.sv-germania99.de\/content\/wp-content\/uploads\/2014\/06\/titel.png?w=500&amp;ssl=1 500w, https:\/\/i0.wp.com\/www.sv-germania99.de\/content\/wp-content\/uploads\/2014\/06\/titel.png?resize=300%2C60&amp;ssl=1 300w\" sizes=\"auto, (max-width: 160px) 100vw, 160px\" \/> <\/p>\n\n\n\n<h2 class=\"wp-block-heading has-text-align-center has-vivid-green-cyan-color has-text-color has-large-font-size\"><sup>Saisonende<\/sup><\/h2>\n","protected":false},"excerpt":{"rendered":"<p>Heim &#8211; Freitag, 22.03.2024, 18:30 Uhr GW Langendorf 1:1 Ausw\u00e4rts &#8211; Freitag, 05.04.2024, 18:30 Uhr SG Wei\u00dfenfels 5:1 Heim &#8211; Freitag, 12.04.2024, 18:30 Uhr VfB Nessa 2:0 Ausw\u00e4rts &#8211; Freitag, 19.04.2024, 18:30 Uhr SV Muschwitz 3:1 Ausw\u00e4rts &#8211; Freitag, 26.04.2024, 18:30 Uhr TSV Leuna 3:2 Heim &#8211; Freitag, 03.05.2024, 18:30&#8230;<\/p>\n<p> <a class=\"continue-reading-link\" href=\"https:\/\/www.sv-germania99.de\/content\/alte-herren\/\"><span>weiter lesen&#8230;?<\/span><i class=\"crycon-right-dir\"><\/i><\/a> <\/p>\n","protected":false},"author":2,"featured_media":0,"parent":0,"menu_order":0,"comment_status":"closed","ping_status":"closed","template":"","meta":{"footnotes":""},"class_list":["post-41","page","type-page","status-publish","hentry"],"jetpack_sharing_enabled":true,"_links":{"self":[{"href":"https:\/\/www.sv-germania99.de\/content\/wp-json\/wp\/v2\/pages\/41","targetHints":{"allow":["GET"]}}],"collection":[{"href":"https:\/\/www.sv-germania99.de\/content\/wp-json\/wp\/v2\/pages"}],"about":[{"href":"https:\/\/www.sv-germania99.de\/content\/wp-json\/wp\/v2\/types\/page"}],"author":[{"embeddable":true,"href":"https:\/\/www.sv-germania99.de\/content\/wp-json\/wp\/v2\/users\/2"}],"replies":[{"embeddable":true,"href":"https:\/\/www.sv-germania99.de\/content\/wp-json\/wp\/v2\/comments?post=41"}],"version-history":[{"count":490,"href":"https:\/\/www.sv-germania99.de\/content\/wp-json\/wp\/v2\/pages\/41\/revisions"}],"predecessor-version":[{"id":3780,"href":"https:\/\/www.sv-germania99.de\/content\/wp-json\/wp\/v2\/pages\/41\/revisions\/3780"}],"wp:attachment":[{"href":"https:\/\/www.sv-germania99.de\/content\/wp-json\/wp\/v2\/media?parent=41"}],"curies":[{"name":"wp","href":"https:\/\/api.w.org\/{rel}","templated":true}]}}